7. What are the prime factors of (-4 + 3)*(-28)/w?
2, 7
Let s = 7 + -14. Let v be 2/s - (-5)/(-7). Let q(z) = 39*z**2 - 3*z - 3. What are the prime factors of q(v)?
3, 13
Suppose -4*w + 12 = 0, -v - 3 = 2*w + 2. Let o = 45 - v. What are the prime factors of o?
2, 7
Let o(c) = 247*c + 97. What are the prime factors of o(3)?
2, 419
Let r = -48 + 53. Suppose 50 + 50 = r*l. List the prime factors of l.
2, 5
What are the prime factors of (-1 - 3*5/(-3)) + 1250?
2, 3, 11, 19
Let z = 1882 + -739. List the prime factors of z.
3, 127
Let s(d) = 4*d - 8. Let c be s(5). Suppose -2*v = 3*f - 96, 3*f - c = -0*f. What are the prime factors of v?
2, 3, 7
Let p(g) = -6*g - 2. Let l be p(-3). Suppose -5*o + 136 - l = 0. List the prime factors of (-22)/(-1)*o/16.
3, 11
Let f be 48/20 - 2 - (-54)/(-10). What are the prime factors of ((-27)/(-15) - 1) + (-206)/f?
2, 3, 7
Let y(x) = -x**2 - 9*x - 8. Let w = -18 + 27. Let i be (3 + -24)*3/w. List the prime factors of y(i).
2, 3
Let r = 887 - 298. What are the prime factors of r?
19, 31
What are the prime factors of 5 + (6 - -675) + 6?
2, 173
What are the prime factors of 4737/27 + 1 - (-8)/(-18)?
2, 11
Let t(w) = 5*w**3 - w**2 + w. Let r = 14 - 6. Let z(q) = -q**2 + 9*q - 6. Let f be z(r). What are the prime factors of t(f)?
2, 19
Let t(h) = -4*h - 2. Let l be t(-11). Let d = l + -28. List the prime factors of 54/d + (-7)/(-49).
2
What are the prime factors of 100*(1 + 2 - 1*-11)?
2, 5, 7
Let w = 7 - 12. Let k be w/(15/(-6)) - -2. Suppose -t = -k - 33. List the prime factors of t.
37
Let i = -2096 - -3716. List the prime factors of i.
2, 3, 5
Let x = 1230 + -721. What are the prime factors of x?
509
Suppose 3*w = 3*p - 18, -5*w - p - 17 - 31 = 0. Let v = -6 - w. Suppose 4 = m - v. List the prime factors of m.
7
What are the prime factors of 8723/22 - 2/4?
2, 3, 11
Let g = -11610 + 17667. List the prime factors of g.
3, 673
Let a be 0 + 0 - (-4 + -81). Suppose 4*j = z - 2, z + 5*j + a = 6*z. Suppose 3*m + 3 = 4*p - 19, -m = -5*p + z. List the prime factors of p.
2
What are the prime factors of (-138)/(-161) - 3/(21/(-14519))?
5, 83
Let q(l) = 454*l - 2. What are the prime factors of q(1)?
2, 113
Let r(y) = 2*y - 2 + 5*y**2 - 6*y - y**3 + 1. Let x be r(3). Let k = -2 + x. What are the prime factors of k?
3
Suppose 3*r + 5*f - 165 = -2*r, r + 5*f - 53 = 0. Let x(z) = -z**3 + 7*z**2 - 9*z - 8. Let a be x(2). Let t = r + a. List the prime factors of t.
2, 11
What are the prime factors of (-5894)/(-22) - (-15)/165?
2, 67
Let o be ((-588)/16)/((-3)/36). Let j = o + -303. List the prime factors of j.
2, 3, 23
Suppose -42573 = -22*s + 29741. List the prime factors of s.
19, 173
Let j = 91 - 88. Suppose -2*r = 5*b - 206, -2*r = j*b - 11 - 111. List the prime factors of b.
2, 3, 7
Suppose 4*a - 7*a + 447 = 0. Let n = a - 63. What are the prime factors of n?
2, 43
Suppose -179 = -5*l - 4. Suppose p = 39 + l. List the prime factors of p.
2, 37
Let a be 3*(148/(-12) + -3). Let u = -4 - a. List the prime factors of u.
2, 3, 7
Suppose 0 = -2*w + 2*y + 41 + 33, 119 = 3*w + 5*y. Let a = -168 + 282. Let j = a - w. List the prime factors of j.
2, 19
Suppose 6*g = 10*g - 1180. Suppose -d - 4*d = g. Let n = -37 - d. List the prime factors of n.
2, 11
Let y(m) = -11*m - 1. Let n be y(-4). Let j be ((-225)/(-50))/(3/(-10)). Let h = n + j. List the prime factors of h.
2, 7
Let g(n) = -16*n**3 + 3*n**2 + 5*n + 1. Let h be g(-2). Suppose -2 = 2*p, 4*r + 2*p - p - h = 0. List the prime factors of r.
3, 11
Let k be (-7378)/(-10) + 1/5 - 2. Suppose -4*w + w - 2*v = -442, 0 = 5*w + 3*v - k. List the prime factors of w.
2, 73
Let r(b) = 370*b - 9. Let m be r(16). List the prime factors of m/92 - (-2)/(-8).
2
Suppose 0 = 194*p - 197*p + 882. List the prime factors of p.
2, 3, 7
Let w = 38 + -34. Suppose -2*p = -4*n - 160, 2*p + w*n = n + 160. List the prime factors of p.
2, 5
Let r = 432 + -374. List the prime factors of r.
2, 29
Suppose -3*w + 3*t = -w - 569, 0 = 3*t + 9. Let u be w*(-4 + 5)/1. Suppose -2*c = -7*c + u. What are the prime factors of c?
2, 7
Let n = 1 - 3. Let s(x) = -4*x**3 + 11*x**2 + 13*x - 9. Let i(o) = -2*o**3 + 5*o**2 + 6*o - 4. Let d(z) = 13*i(z) - 6*s(z). What are the prime factors of d(n)?
2, 7
Let o be 30/(-3)*2/(-4). Suppose -2*x + 5*f + 0 = -o, 5*x - 5*f = 20. Suppose -t + x - 2 = 0. List the prime factors of t.
3
Let b(y) be the second derivative of -y**3 + 14*y**2 + y. What are the prime factors of b(-4)?
2, 13
Let q(u) = -2*u**2 - 19*u + 13. Let r be q(-10). Suppose r - 12 = 3*t, -3*j + 42 = 4*t. What are the prime factors of j?
2, 3
Let k = 204 + -109. Suppose -2*s - 55 = -3*f, -4*f = -9*f + 4*s + k. What are the prime factors of (1 - 0)*f + -2?
13
Let a(u) = -u**2 - 8*u - 5. Let d be a(-7). Let f be (d - 4)*-1 + -8. What are the prime factors of f/(6/(-8) - 0)?
2
Let l(c) = 29*c**2 + 28*c + 3. List the prime factors of l(5).
2, 7, 31
List the prime factors of (12 - 38)*190/(-4).
5, 13, 19
Let u(s) = 2*s + 8. Let r be u(-4). Suppose r*g = -2*g + 58. Suppose -3 + 27 = p - 4*m, p = 5*m + g. List the prime factors of p.
2
Suppose 3*a - 4 = a. Suppose -5*s - 4*o = -80, 2*o = -a*s - s + 48. List the prime factors of s.
2
Let m(u) = 537*u**3 - 2. What are the prime factors of m(1)?
5, 107
Let n(x) = -148*x + 3. Suppose -b + 10*b = -18. List the prime factors of n(b).
13, 23
Let a = 912 + 335. What are the prime factors of a?
29, 43
Let x(w) = w**3 - 3*w**2 - 5*w + 18. List the prime factors of x(9).
3, 17
Suppose 412 = 5*u + 82. Let s = -35 + u. What are the prime factors of s?
31
Let f(o) = 6*o**2 + 226*o - 37. List the prime factors of f(-40).
523
What are the prime factors of (-5)/((-312)/(-316) + 1 - 2)?
5, 79
Let r = -691 - -1102. List the prime factors of r.
3, 137
List the prime factors of 13886/7 + 142/497.
2, 31
Suppose 13 = o + 8. List the prime factors of (633/45 - 2/(-6))*o.
2, 3
Suppose 0*r + 3*r = 498. List the prime factors of r.
2, 83
Suppose -5*v - 2*y = 43 - 1, 5*y = -2*v. List the prime factors of 2/10 + (-998)/v.
2, 5
Let u(b) = -36 - 2 - 2 + 56*b + 1. What are the prime factors of u(4)?
5, 37
Let i(b) = 2*b**3 + 4*b**2 + 3*b + 8. Let u be i(-4). Let a = u - -70. List the prime factors of a.
2
Let z(a) = 4*a**3 + 2*a**2 - a + 4. Let l(h) = -h**3 + 4*h**2 + 4*h + 11. Let i be l(5). Suppose -m = 2*m - i. List the prime factors of z(m).
2, 3, 7
List the prime factors of ((-2)/(-8))/((-34)/(-20536)).
151
Let n be 3/((-9)/4)*-6. Suppose -2*g = -n - 14. What are the prime factors of g?
11
Let n = 99 - -100. List the prime factors of n.
199
Suppose -4828 = -4*z - 1164. What are the prime factors of z?
2, 229
Suppose 2*v - s = 3, 0*s = -4*v + 4*s + 4. Suppose -v*z = w - 193, -z - z = -4*w - 218. List the prime factors of z.
3, 11
Let j = 1210 + -535. List the prime factors of j.
3, 5
Let u = 36 - 98. List the prime factors of 1/((-2)/u)*4 - 1.
3, 41
Let j(b) = -2*b - 12. Let a be j(-16). What are the prime factors of (a/15)/((-1)/(-18))?
2, 3
List the prime factors of (4*(-1 + 0))/(79/(-7347)).
2, 3, 31
Let c = -5 + 98. Suppose -c - 66 = -t. List the prime factors of t.
3, 53
Let c be (21/7)/((-4)/((-16)/6)). Suppose 5*x = c*n - 337 + 1263, -x = 3*n - 192. What are the prime factors of x?
2, 3, 31
Let f(m) = m - 3. Let g be ((-24)/9)/((-1)/3). Let k be f(g). Suppose -5*r - 71 = -2*h, k*h - r + 3*r = 134. List the prime factors of h.
2, 7
Let c(v) = v**3 - v**2 + 2*v + 928. Let i be c(0). Suppose -h + 4*f + 175 = 0, -5*h - 168 = 3*f - i. What are the prime factors of h?
5, 31
List the prime factors of ((-247)/114)/((-3)/3474).
13, 193
Let c = 57 - 41. Suppose 4*n = -60 + c. Let q(f) = f**2 + 9*f - 7. List the prime factors of q(n).
3, 5
Suppose -7*c = 422 + 89. Let h = c - -228. What are the prime factors of h?
5, 31
Suppose 11051 = 42*r - 5497. What are the prime factors of r?
2, 197
Let t be 1/(-6) + (-2130)/180. List the prime factors of -45*(t/(-9))/(-2).
2, 3, 5
Let g = -76 + 79. Let r(m) be the first derivative of -m**3/3 + 3*m**2 - 6*m + 1. List the prime factors of r(g).
3
Suppose 5*g = -4*r + 311, -2*r - 2*g = -r - 77. Suppose -3*a = -47 + 173. Let k = r + a. List the prime factors of k.
37
Let x = -1 + 1. Suppose x = -3*n - 2*u + 145, u = -n - 2*u + 53. Suppose -b = 3*h - 17 - n, 5*h - 4*b = 101.